= -2*o + 3, -m + 4 = 0. Let d = -6 + 10. Suppose 3*a - 78 = -d*h, a - 2*h - 45 = o*h. What is the tens digit of a?
3
Let r(a) be the third derivative of 1/12*a**4 + 1/6*a**3 + 0 + 5*a**2 + 0*a + 1/60*a**5 - 41/120*a**6. What is the units digit of r(-1)?
1
Let y(v) be the first derivative of v**3/3 - v + 2. Suppose 3*i - 3*f = -3, -2*f + 2 + 6 = -4*i. What is the units digit of y(i)?
8
Let n = 701 + 1671. What is the tens digit of n?
7
Let b be (-2)/3*(-45)/6. Suppose -2*z + 12 = i + 28, -3*i + b*z = 15. Let p(w) = -w**2 - 11*w + 12. What is the tens digit of p(i)?
2
Let g(i) = -15*i**3 - 2*i - 1. Let n be g(-1). Let z = n + 275. What is the units digit of z?
1
Suppose x + 3*y - 4432 = 8*y, 2*x = 4*y + 8858. What is the hundreds digit of x?
4
Let u(a) = -6*a**3 + a**2 + a + 1. Let y be u(-1). Suppose y*o = -10 + 220. Suppose -27*b + 25*b = -o. What is the tens digit of b?
1
Let r(i) = i**3 + 5*i**2 - 2*i - 1. Let y be r(-4). Suppose -6*h = y - 365. What is the units digit of h?
7
What is the hundreds digit of ((-3)/6 - 1)*53412/(-18)?
4
Let h(i) = i**3 - 8*i**2 - 6*i - 17. Let y be h(9). Let u(t) = -t**2 + 11*t - 3. What is the units digit of u(y)?
7
Suppose 5*u = -5*a - 5, -5*a = 2*u - 2*a. What is the units digit of (u - -5)/2*5?
5
Let n = 28 - -528. Suppose -5*s = 186 - n. Suppose -19*b + 21*b - s = 0. What is the tens digit of b?
3
Suppose 4*l - 93 = 71. Suppose -3*h + 4 + l = 3*n, 15 = n + 5*h. What is the tens digit of n?
1
Suppose 85*s = 68*s + 9690. What is the tens digit of s?
7
Let m(k) = 5*k + 51. Let a(g) = -1. Let w(v) = 2*a(v) + m(v). What is the units digit of w(0)?
9
Suppose 3*x - 4 - 5 = 0. Suppose -5*t = -5, -3*t + 3 = x*c - c. Suppose c = 4*j - 8*j + 24. What is the units digit of j?
6
Let g(p) = 67*p**2 + p. Let b be g(-1). Suppose -d - 4*a = -b, -d - 2*a = -6*d + 308. What is the units digit of d?
2
Let y(g) = -g - 1. Let f be y(-5). Let u(t) = t**2 - 3*t - 2. What is the units digit of u(f)?
2
Let d(w) = -3*w**3 - 11*w**2 - 14*w - 3. Let p be d(-6). Suppose -u + 439 = 4*v, 0*v - p = -3*v - 2*u. What is the units digit of v?
9
Let f(x) = x**2 + 5*x + 6. Let a be f(-4). Suppose -c + 0*c = -a. Suppose c*w - 22 = -5*g, -w - 3*g - 75 = -4*w. What is the units digit of w?
1
Let w(l) = l + 1. Let v(a) = a**2 + 28*a - 15. Let x(f) = -v(f) + 2*w(f). What is the hundreds digit of x(-17)?
1
Let i be (-8)/(-3)*(6 + -3). Suppose 3*k = 7*k - i. Suppose 3*b = 4*b - k*l - 29, 0 = -3*b - 5*l + 43. What is the tens digit of b?
2
Let j(i) = 25*i**2 + 5. Let p(b) = 25*b**2 + 6. Let f(t) = 6*j(t) - 5*p(t). Let u be (-1)/(0 + -1 + 0). What is the units digit of f(u)?
5
Let y(w) = -w**3 - 6*w**2 - 4*w + 6. Let l be y(-5). Let t be (-1)/(l/3) - 3. What is the units digit of 74/6 - t/(-18)?
2
Suppose -9*d = d - 40. Suppose 2*r + 3*y - 47 - 221 = 0, -d*r + 5*y + 492 = 0. What is the units digit of r?
8
Suppose x = 2*p + 12, 0 = -3*x + 2*p - 0 + 20. Suppose -230 = -x*m + 142. What is the units digit of m?
3
What is the units digit of (-2)/(-6) - (-6059)/3?
0
Suppose 61*l = 58*l + 9. Suppose 12*s - 1080 = -l*s. What is the units digit of s?
2
Let o(m) = 2*m**2 + 8*m - 10. Let t be o(-14). Suppose 462 = 4*i - t. What is the hundreds digit of i?
1
Let i(d) = d**3 - 10*d**2 - 25*d + 13. Let x be ((-39)/(-6) + 0)*2*1. What is the hundreds digit of i(x)?
1
Let t = 1541 - 830. What is the tens digit of t?
1
Let v = 30 + -26. What is the tens digit of 3 + v/((-8)/(-162))?
8
Let q = 76 + -45. Let c(a) = -2*a**2 - 4. Let w be c(3). Let t = q + w. What is the units digit of t?
9
Let b(h) = -h**3 - 21*h**2 + 2*h + 45. Let i be b(-21). Let r(f) = 3*f + 5 - 3 - 3. What is the units digit of r(i)?
8
Let x be ((-5)/(-15))/(1/6). Suppose p + 5*l = -p + 290, 0 = x*p - 2*l - 318. What is the tens digit of (-2)/(-4)*(3 + p)?
7
Let d(b) = -2*b + 10. Let i be d(3). Suppose -2*y - 3*y + 5*x = -400, y - i*x = 95. What is the units digit of y?
5
Let a = 1015 - -384. What is the tens digit of a?
9
Let k(i) = i**3 - 11*i**2 + 23*i + 12. Let q be k(11). Suppose 3*v + q = 898. What is the hundreds digit of v?
2
Let l = -3 + 5. Suppose l*t = 222 - 64. Let z = t + -55. What is the tens digit of z?
2
Let t = 2030 - 1213. What is the hundreds digit of t?
8
Suppose -11 + 111 = 2*t. Let r = t - -23. What is the units digit of r?
3
Suppose 0 = 2*i - 6*i + 12. Let m be i/12 - 76/(-16). Suppose 3*r = -11 - 4, -3*b + 104 = m*r. What is the units digit of b?
3
Suppose 2630 = 4*q - 4322. What is the thousands digit of q?
1
Let j be 4/6 - 14/(-6). Let c(y) = 4*y - 9 + 4*y - j*y + 0*y. What is the tens digit of c(4)?
1
Let y(j) = -j**2 - 6*j + 2. Suppose 17 + 7 = -4*p. Let t be y(p). Suppose -o + 15 = t*o, 2*l - 79 = o. What is the tens digit of l?
4
Suppose -4*o + 164 = -620. Let r = -103 + o. What is the tens digit of r?
9
Suppose o - 1817 = -371. What is the units digit of o?
6
Let f be 1301*(-1 - 4)/(-5). Suppose -9*x - f = -4271. What is the units digit of x?
0
Let d(v) = -v + 7. Let f be d(7). Suppose 0 = -5*i + 5, f = 5*x + 2*i - 372. What is the units digit of x?
4
Suppose 3*w - 1744 = -5*w. What is the units digit of w?
8
Suppose 5*y - 6557 = -2*u + 10867, 0 = 3*y - u - 10450. What is the thousands digit of y?
3
Let p(a) = 154*a**2 - 16*a + 31. What is the tens digit of p(2)?
1
Suppose 13 = i - 15. Let q = i + 39. What is the units digit of q?
7
Let v(a) = 19*a**2 + 25*a - 141. What is the thousands digit of v(10)?
2
Suppose g = -4 + 6. Suppose -3*c - 89 = -4*n, -5*n - g*c + 14 = -4*n. Let h = n + 14. What is the tens digit of h?
3
Let s(d) = 5*d + 248. Let z(j) = 2*j + 83. Let r(h) = 6*s(h) - 17*z(h). What is the tens digit of r(0)?
7
Suppose -34*d + 22580 = -99004. What is the tens digit of d?
7
Suppose 3*a + r = 16, 5*a - 2*r + 4*r - 26 = 0. Let g(h) = -4*h + 2*h - a + h. What is the units digit of g(-7)?
1
Suppose 0 = -37*w + 62650 - 2895. What is the thousands digit of w?
1
Suppose -8*d + 6*d + 2165 = 3*c, 0 = -4*d + 3*c + 4375. What is the thousands digit of d?
1
Suppose -2*c = 2*n + 10, -n - 4*c + 3 = -4. Let s(q) = q**3 + 8*q**2 - 10*q - 2. Let u be s(n). Let f = 25 + u. What is the units digit of f?
2
Suppose -2*l + 5*l = -5*p - 85, 154 = -5*l + 4*p. Let b = l + 20. Let u = b + 14. What is the units digit of u?
4
Let z(b) = b**3 + 16*b**2 + 14*b - 12. Let n be z(-15). Suppose 5*w = 20, -n*y = -2*w - 181 + 9. What is the units digit of y?
0
Suppose -372*f = 2*d - 368*f - 2216, -3*f + 1111 = d. What is the units digit of d?
2
Suppose 4*t = 4*o + 11744, 4*t + o + 4555 - 16314 = 0. What is the units digit of t?
9
Let l(m) = 14*m**3 - 2*m**2 - 2*m + 3. Let z be l(3). Let w be z/(-49) - (-2)/7. Let s = 0 - w. What is the units digit of s?
7
Suppose -3*j + 18 = -0*j. Let h(p) = 11*p - 19. What is the tens digit of h(j)?
4
Suppose -42*m + 16*m = -40976. What is the thousands digit of m?
1
Suppose -a + 5*a = 2*n - 20, -3*a = 4*n + 15. Suppose 4*h - 2*h - 280 = n. What is the units digit of h?
0
Let t = 348 - -417. What is the units digit of t?
5
Suppose y + 0*y + 1 = 0. Let p = -3 + 23. What is the units digit of (0/(-3) - y)*p?
0
Let b = -918 + 1531. What is the units digit of b?
3
Suppose -25*r = -27*r - 4. Let d(o) = -o**3 + 5*o**2 + 5*o - 8. Let i be d(6). Let c = r - i. What is the units digit of c?
2
Let w(z) = z**3 - 15*z**2 + 25*z - 67. What is the thousands digit of w(23)?
4
Let y(u) = 27*u**3 - 4*u**2 - u. Let x be y(3). Suppose 4*t = -t + x. Suppose -7*z + 4*z = -t. What is the tens digit of z?
4
Suppose j - c + 4*c - 628 = 0, c = 0. What is the hundreds digit of j?
6
Let r be 3 - (3 + 3)/(-2). Suppose -7*b + 3 = -r*b. Suppose 103 = 5*g - s, -g - s + 26 = -b*s. What is the units digit of g?
0
Suppose 3*m + 0*m + 3 = 5*t, -5*m = 3*t - 29. Suppose -4*n - 43 = -k, t*n = 3*k + 7*n - 145. What is the tens digit of k?
4
Let t(z) = z**2 - 9*z - 36. What is the hundreds digit of t(47)?
7
Let i be (-9)/5 - 18/90. What is the units digit of 62/10 + (i - 36/(-20))?
6
Let d = 492 + 2504. What is the units digit of d?
6
Let q(u) = u**3 - 5*u**2 + 5*u - 1. Let h be q(4). What is the tens digit of ((-51)/5)/(h/(-15))?
5
Let a(z) = -z**3 - 2*z**2 - 27*z - 146. What is the hundreds digit of a(-12)?
6
Let j(g) = -g**2 - 5*g + 2. Let q = -23 + 18. Let x be j(q). Suppose 4*b = x*p + 144